d 15?
5
Calculate the highest common factor of 26285133 and 777.
777
Calculate the greatest common divisor of 161 and 253253.
161
What is the highest common factor of 64779 and 78?
39
What is the greatest common factor of 18 and 95400?
18
What is the greatest common divisor of 11 and 530189?
11
What is the greatest common divisor of 638 and 54494?
22
Calculate the highest common divisor of 68 and 3777808.
68
Calculate the highest common factor of 279376 and 855.
19
Calculate the greatest common factor of 228596 and 4.
4
What is the highest common factor of 553 and 10981?
79
What is the greatest common divisor of 139804 and 224?
28
Calculate the highest common divisor of 370 and 1520.
10
What is the highest common divisor of 533 and 3614?
13
What is the greatest common factor of 6496 and 2271976?
1624
What is the highest common factor of 3678 and 57?
3
What is the greatest common divisor of 202654 and 38?
38
Calculate the greatest common divisor of 32 and 1175568.
16
Calculate the greatest common divisor of 1394 and 9554.
34
Calculate the greatest common factor of 39540 and 180.
60
Calculate the highest common factor of 3596 and 6107.
31
Calculate the highest common factor of 6 and 17517.
3
Calculate the highest common divisor of 352 and 1991.
11
Calculate the greatest common factor of 65 and 2615743.
13
What is the greatest common divisor of 51942 and 66?
66
What is the greatest common factor of 1005214 and 1330?
266
What is the highest common divisor of 702 and 974727?
351
What is the highest common divisor of 15494 and 2074?
122
Calculate the highest common factor of 549 and 2304.
9
What is the greatest common divisor of 1304 and 866834?
326
Calculate the greatest common factor of 105898 and 52.
26
Calculate the highest common factor of 21186 and 2367.
9
What is the highest common divisor of 37092 and 7436?
44
What is the highest common factor of 24258 and 53181?
933
Calculate the highest common factor of 116 and 127948.
116
What is the greatest common factor of 64 and 3380592?
16
What is the highest common divisor of 30 and 263082?
6
What is the highest common factor of 726 and 591954?
66
Calculate the highest common divisor of 164525 and 100.
25
What is the greatest common divisor of 28 and 2124?
4
What is the highest common factor of 1925 and 161?
7
Calculate the highest common factor of 2639 and 22736.
203
Calculate the highest common factor of 289 and 313208.
17
What is the greatest common factor of 735 and 26425?
35
Calculate the highest common divisor of 783 and 14471.
29
Calculate the highest common divisor of 11331698 and 14.
14
Calculate the highest common factor of 1302 and 136741.
31
What is the highest common factor of 9142 and 1267?
7
Calculate the greatest common divisor of 102097 and 3703.
529
What is the highest common factor of 2657369 and 22?
11
What is the highest common factor of 66 and 459294?
66
Calculate the greatest common factor of 23 and 12768933.
23
Calculate the greatest common divisor of 8328 and 648.
24
Calculate the highest common divisor of 65350 and 250.
50
What is the greatest common factor of 612 and 1404?
36
What is the greatest common factor of 421848 and 56?
56
Calculate the greatest common divisor of 238889 and 21.
7
Calculate the highest common divisor of 17 and 1045466.
17
What is the highest common divisor of 282 and 188752?
94
Calculate the highest common factor of 1380 and 180.
60
What is the greatest common factor of 146 and 50954?
146
What is the highest common factor of 890 and 27412?
178
What is the highest common factor of 6 and 1048?
2
Calculate the highest common factor of 2168 and 104877.
271
What is the greatest common factor of 3684 and 48?
12
What is the highest common factor of 16 and 11156?
4
What is the highest common factor of 108 and 9099?
27
Calculate the highest common divisor of 27 and 108486.
27
Calculate the greatest common divisor of 2283 and 57.
3
What is the highest common factor of 516 and 1392?
12
What is the highest common divisor of 45234 and 12537?
63
Calculate the highest common factor of 9536 and 160.
32
Calculate the highest common factor of 31373 and 1832.
229
Calculate the highest common factor of 14420 and 110.
10
What is the highest common factor of 27 and 2793717?
27
What is the highest common factor of 28132 and 936?
52
Calculate the greatest common factor of 66 and 4589574.
66
Calculate the highest common factor of 93952 and 1088.
64
What is the greatest common divisor of 192 and 458688?
192
Calculate the highest common factor of 117 and 14313.
39
What is the greatest common factor of 791 and 494827?
113
Calculate the highest common factor of 69818 and 1050.
14
What is the highest common divisor of 385944 and 78?
78
Calculate the greatest common factor of 284 and 305229.
71
Calculate the highest common divisor of 39037 and 758.
379
Calculate the greatest common factor of 47 and 471739.
47
What is the highest common factor of 8620 and 100?
20
Calculate the greatest common factor of 41588 and 352.
4
Calculate the highest common factor of 20032 and 832.
64
What is the highest common divisor of 77 and 560791?
77
What is the highest common factor of 293262 and 74?
74
Calculate the highest common factor of 4266 and 1242.
54
Calculate the greatest common divisor of 40 and 4679860.
20
Calculate the greatest common divisor of 29325 and 2425.
25
Calculate the highest common divisor of 116871 and 3423.
489
What is the highest common divisor of 23341 and 119?
17
What is the greatest common divisor of 1285 and 85?
5
Calculate the greatest common divisor of 2021040 and 5670.
630
Calculate the highest common divisor of 13948 and 220.
44
Calculate the greatest common factor of 1349 and 269303.
71
Calculate the highest common factor of 31152 and 624.
48
What is the highest common divisor of 183 and 7808?
61
What is the highest common divisor of 105 and 2745?
15
Calculate the greatest common factor of 6 and 8263050.
6
What is the highest common divisor of 151638 and 48954?
1194
Calculate the highest common factor of 627 and 1722.
3
Calculate the highest common divisor of 310 and 30938.
62
Calculate the highest common divisor of 948706 and 1276.
638
Calculate the greatest common divisor of 123299 and 55.
11
What is the highest common factor of 50 and 2590830?
10
What is the highest common factor of 2356 and 8?
4
What is the highest common factor of 960 and 69696?
192
Calculate the highest common factor of 342 and 51162.
6
What is the greatest common divisor of 29302 and 7?
7
Calculate the highest common factor of 435 and 2221545.
435
What is the highest common divisor of 26858 and 26?
26
Calculate the highest common factor of 2790 and 61002.
18
What is the highest common divisor of 23137 and 16332?
1361
What is the greatest common divisor of 78695 and 5?
5
Calculate the greatest common divisor of 3132 and 1636470.
1566
Calculate the highest common factor of 217200 and 24.
24
Calculate the highest common divisor of 138013 and 316.
79
What is the greatest common divisor of 84 and 389907?
21
Calculate the highest common divisor of 85 and 995.
5
What is the highest common factor of 21358 and 118?
118
Calculate the highest common factor of 123395 and 74.
37
Calculate the greatest common divisor of 199 and 46.
1
What is the greatest common factor of 8862 and 2170?
14
Calculate the highest common factor of 48690 and 1260.
90
What is the greatest common divisor of 9331 and 160363?
217
Calculate the highest common factor of 27951 and 273.
21
Calculate the greatest common factor of 4 and 2759156.
4
Calculate the highest common divisor of 960 and 275220.
60
Calculate the highest common factor of 1506 and 24.
6
What is the highest common factor of 36 and 3022?
2
What is the greatest common factor of 33630 and 1416?
354
What is the greatest common factor of 66112 and 64?
64
Calculate the highest common factor of 167 and 402637.
167
Calculate the greatest common divisor of 40 and 251360.
40
What is the greatest common divisor of 2333040 and 40?
40
What is the greatest common divisor of 3645 and 48930?
15
What is the highest common factor of 30 and 120160?
10
What is the greatest common factor of 800 and 2452960?
160
What is the greatest common factor of 201504 and 480?
96
Calculate the 